{"id":26,"date":"2025-09-18T16:48:07","date_gmt":"2025-09-18T14:48:07","guid":{"rendered":"https:\/\/mellycox.de\/leichte-sprache\/?page_id=26"},"modified":"2026-02-25T19:13:25","modified_gmt":"2026-02-25T18:13:25","slug":"ueber-uns","status":"publish","type":"page","link":"https:\/\/mellycox.de\/leichte-sprache\/ueber-uns\/","title":{"rendered":"\u00dcber uns"},"content":{"rendered":"\n<div style=\"height:200px\" aria-hidden=\"true\" class=\"wp-block-spacer\"><\/div>\n\n\n\n<div class=\"wp-block-group einleitung-ueberuns is-layout-constrained wp-block-group-is-layout-constrained\">\n<h2 class=\"wp-block-heading has-wpfse-grey-color has-text-color has-link-color wp-elements-9871a5adbba0acca074ec4ddc5ecc701\">Unsere Teams<\/h2>\n\n\n\n<p>MellyCox ist in Bielefeld f\u00fcr Sie da.<br>Wir haben sechs Teams in verschiedenen Stadtteilen.<br>So sind wir immer in Ihrer N\u00e4he.<\/p>\n\n\n\n<p>Viele Standorte haben ein Wohncaf\u00e9.<br>Hier k\u00f6nnen Sie essen und andere Menschen treffen.<\/p>\n\n\n\n<p>Wir bieten auch barrierearme Wohnungen an.<br>Wenn Sie umziehen m\u00f6chten, helfen wir gern.<\/p>\n\n\n\n<p>Wir kommen zu Ihnen nach Hause oder Sie kommen zu uns.<br>Ihr Zuhause bleibt Ihr Zuhause.<br>Wir helfen dort, wo Sie sich wohlf\u00fchlen.<\/p>\n<\/div>\n\n\n\n<div class=\"wp-block-group has-background is-layout-constrained wp-block-group-is-layout-constrained\" style=\"background:linear-gradient(57deg,rgb(191,179,155) 0%,rgb(242,229,212) 100%)\">\n<div style=\"height:50px\" aria-hidden=\"true\" class=\"wp-block-spacer\"><\/div>\n\n\n\n<h2 class=\"wp-block-heading has-wpfse-grey-color has-text-color has-link-color wp-elements-4ce07a1151883793f79c5a74b7e625b3\" id=\"budiheadline-68b30dc360a5b\">Das Team<\/h2>\n\n\n\n<p class=\"has-wpfse-grey-color has-text-color has-link-color wp-elements-64faef02f499d78798d387f4c614da3d\">Unsere Mitarbeiter sind sehr wichtig.<br>Sie haben viel Wissen und Erfahrung.<br>Sie sind freundlich und helfen gern.<br>Alle gehen respektvoll miteinander um.<\/p>\n\n\n\n<p class=\"has-wpfse-grey-color has-text-color has-link-color wp-elements-5690b58348e7322449f07afc50a2a77d\">Wir sorgen daf\u00fcr, dass sich alle wohlf\u00fchlen.<br>Unsere Arbeitspl\u00e4tze sind sicher und modern.<br>Wir arbeiten gut zusammen und unterst\u00fctzen uns.<\/p>\n\n\n\n<p class=\"has-wpfse-grey-color has-text-color has-link-color wp-elements-b9641c5183cd3098c692914bb5eb03f6\">Unsere Mitarbeiter k\u00f6nnen viel lernen.<br>Sie bekommen M\u00f6glichkeiten f\u00fcr Weiterbildung.<br>Wer sich weiterentwickeln will, bekommt Hilfe.<br>Unsere Mitarbeiter sind sehr wichtig.<br>Sie haben viel Wissen und Erfahrung.<br>Sie sind freundlich und helfen gern.<br>Alle gehen respektvoll miteinander um.<\/p>\n\n\n\n<p class=\"has-wpfse-grey-color has-text-color has-link-color wp-elements-5690b58348e7322449f07afc50a2a77d\">Wir sorgen daf\u00fcr, dass sich alle wohlf\u00fchlen.<br>Unsere Arbeitspl\u00e4tze sind sicher und modern.<br>Wir arbeiten gut zusammen und unterst\u00fctzen uns.<\/p>\n\n\n\n<p class=\"has-wpfse-grey-color has-text-color has-link-color wp-elements-0b842a3e691f464f6756dad70870c72a\">Unsere Mitarbeiter k\u00f6nnen viel lernen.<br>Sie bekommen M\u00f6glichkeiten f\u00fcr Weiterbildung.<br>Wer sich weiterentwickeln will, bekommt Hilfe.<\/p>\n\n\n\n<h4 class=\"wp-block-heading has-wpfse-grey-color has-text-color has-link-color wp-elements-d9ac59a9f2a41e3f6f718d58b72bfcbc\">Zum Team geh\u00f6ren viele verschiedene Menschen:<\/h4>\n\n\n\n<ul class=\"wp-block-list has-wpfse-grey-color has-text-color has-link-color wp-elements-d80347a8e727f5ad81057c1ecbe7fb35\">\n<li>Pflegekr\u00e4fte k\u00fcmmern sich um die Gesundheit.<\/li>\n\n\n\n<li>Altenpfleger helfen \u00e4lteren Menschen.<\/li>\n\n\n\n<li>Medizinische Fachangestellte unterst\u00fctzen bei Untersuchungen.<\/li>\n\n\n\n<li>Pflegehelfer helfen im Alltag.<\/li>\n\n\n\n<li>Hauswirtschafter sorgen f\u00fcr Ordnung und gutes Essen.<\/li>\n\n\n\n<li>Reinigungskr\u00e4fte halten alles sauber.<\/li>\n<\/ul>\n\n\n\n<p class=\"has-wpfse-grey-color has-text-color has-link-color wp-elements-020f3dd5d8eec560f26cd773da613f61\">Jeder im Team ist wichtig.<br>Nur gemeinsam k\u00f6nnen wir gute Arbeit machen.<\/p>\n\n\n\n<div class=\"wp-block-buttons is-layout-flex wp-block-buttons-is-layout-flex\">\n<div class=\"wp-block-button\"><a class=\"wp-block-button__link has-wpfse-blau-logo-color has-wpfse-grey-background-color has-text-color has-background has-link-color wp-element-button\" href=\"https:\/\/mellycox.de\/karriere\/\">Kommen Sie in unser Team!<\/a><\/div>\n<\/div>\n\n\n\n<div style=\"height:30px\" aria-hidden=\"true\" class=\"wp-block-spacer\"><\/div>\n<\/div>\n","protected":false},"excerpt":{"rendered":"<p>Unsere Teams MellyCox ist in Bielefeld f\u00fcr Sie da.Wir haben sechs Teams in verschiedenen Stadtteilen.So sind wir immer in Ihrer N\u00e4he. Viele Standorte haben ein Wohncaf\u00e9.Hier k\u00f6nnen Sie essen und andere Menschen treffen. Wir bieten auch barrierearme Wohnungen an.Wenn Sie umziehen m\u00f6chten, helfen wir gern. Wir kommen zu Ihnen nach Hause oder Sie kommen zu [&hellip;]<\/p>\n","protected":false},"author":1,"featured_media":0,"parent":0,"menu_order":0,"comment_status":"closed","ping_status":"closed","template":"","meta":{"footnotes":""},"class_list":["post-26","page","type-page","status-publish","hentry"],"yoast_head":"<!-- This site is optimized with the Yoast SEO plugin v27.3 - https:\/\/yoast.com\/product\/yoast-seo-wordpress\/ -->\n<title>\u00dcber uns - MellyCox - Leichte Sprache<\/title>\n<meta name=\"robots\" content=\"index, follow, max-snippet:-1, max-image-preview:large, max-video-preview:-1\" \/>\n<link rel=\"canonical\" href=\"https:\/\/mellycox.de\/leichte-sprache\/ueber-uns\/\" \/>\n<meta property=\"og:locale\" content=\"de_DE\" \/>\n<meta property=\"og:type\" content=\"article\" \/>\n<meta property=\"og:title\" content=\"\u00dcber uns - MellyCox - Leichte Sprache\" \/>\n<meta property=\"og:description\" content=\"Unsere Teams MellyCox ist in Bielefeld f\u00fcr Sie da.Wir haben sechs Teams in verschiedenen Stadtteilen.So sind wir immer in Ihrer N\u00e4he. Viele Standorte haben ein Wohncaf\u00e9.Hier k\u00f6nnen Sie essen und andere Menschen treffen. Wir bieten auch barrierearme Wohnungen an.Wenn Sie umziehen m\u00f6chten, helfen wir gern. Wir kommen zu Ihnen nach Hause oder Sie kommen zu [&hellip;]\" \/>\n<meta property=\"og:url\" content=\"https:\/\/mellycox.de\/leichte-sprache\/ueber-uns\/\" \/>\n<meta property=\"og:site_name\" content=\"MellyCox - Leichte Sprache\" \/>\n<meta property=\"article:modified_time\" content=\"2026-02-25T18:13:25+00:00\" \/>\n<meta name=\"twitter:card\" content=\"summary_large_image\" \/>\n<meta name=\"twitter:label1\" content=\"Gesch\u00e4tzte Lesezeit\" \/>\n\t<meta name=\"twitter:data1\" content=\"1\u00a0Minute\" \/>\n<script type=\"application\/ld+json\" class=\"yoast-schema-graph\">{\"@context\":\"https:\\\/\\\/schema.org\",\"@graph\":[{\"@type\":\"WebPage\",\"@id\":\"https:\\\/\\\/mellycox.de\\\/leichte-sprache\\\/ueber-uns\\\/\",\"url\":\"https:\\\/\\\/mellycox.de\\\/leichte-sprache\\\/ueber-uns\\\/\",\"name\":\"\u00dcber uns - MellyCox - Leichte Sprache\",\"isPartOf\":{\"@id\":\"https:\\\/\\\/mellycox.de\\\/leichte-sprache\\\/#website\"},\"datePublished\":\"2025-09-18T14:48:07+00:00\",\"dateModified\":\"2026-02-25T18:13:25+00:00\",\"breadcrumb\":{\"@id\":\"https:\\\/\\\/mellycox.de\\\/leichte-sprache\\\/ueber-uns\\\/#breadcrumb\"},\"inLanguage\":\"de\",\"potentialAction\":[{\"@type\":\"ReadAction\",\"target\":[\"https:\\\/\\\/mellycox.de\\\/leichte-sprache\\\/ueber-uns\\\/\"]}]},{\"@type\":\"BreadcrumbList\",\"@id\":\"https:\\\/\\\/mellycox.de\\\/leichte-sprache\\\/ueber-uns\\\/#breadcrumb\",\"itemListElement\":[{\"@type\":\"ListItem\",\"position\":1,\"name\":\"Start\",\"item\":\"https:\\\/\\\/mellycox.de\\\/leichte-sprache\\\/\"},{\"@type\":\"ListItem\",\"position\":2,\"name\":\"\u00dcber uns\"}]},{\"@type\":\"WebSite\",\"@id\":\"https:\\\/\\\/mellycox.de\\\/leichte-sprache\\\/#website\",\"url\":\"https:\\\/\\\/mellycox.de\\\/leichte-sprache\\\/\",\"name\":\"MellyCox - Leichte Sprache\",\"description\":\"\",\"publisher\":{\"@id\":\"https:\\\/\\\/mellycox.de\\\/leichte-sprache\\\/#organization\"},\"potentialAction\":[{\"@type\":\"SearchAction\",\"target\":{\"@type\":\"EntryPoint\",\"urlTemplate\":\"https:\\\/\\\/mellycox.de\\\/leichte-sprache\\\/?s={search_term_string}\"},\"query-input\":{\"@type\":\"PropertyValueSpecification\",\"valueRequired\":true,\"valueName\":\"search_term_string\"}}],\"inLanguage\":\"de\"},{\"@type\":\"Organization\",\"@id\":\"https:\\\/\\\/mellycox.de\\\/leichte-sprache\\\/#organization\",\"name\":\"MellyCox - Leichte Sprache\",\"url\":\"https:\\\/\\\/mellycox.de\\\/leichte-sprache\\\/\",\"logo\":{\"@type\":\"ImageObject\",\"inLanguage\":\"de\",\"@id\":\"https:\\\/\\\/mellycox.de\\\/leichte-sprache\\\/#\\\/schema\\\/logo\\\/image\\\/\",\"url\":\"https:\\\/\\\/mellycox.de\\\/leichte-sprache\\\/wp-content\\\/uploads\\\/sites\\\/2\\\/2025\\\/09\\\/mellycox_Logo_2025_quer-scaled.png\",\"contentUrl\":\"https:\\\/\\\/mellycox.de\\\/leichte-sprache\\\/wp-content\\\/uploads\\\/sites\\\/2\\\/2025\\\/09\\\/mellycox_Logo_2025_quer-scaled.png\",\"width\":2560,\"height\":729,\"caption\":\"MellyCox - Leichte Sprache\"},\"image\":{\"@id\":\"https:\\\/\\\/mellycox.de\\\/leichte-sprache\\\/#\\\/schema\\\/logo\\\/image\\\/\"}}]}<\/script>\n<!-- \/ Yoast SEO plugin. -->","yoast_head_json":{"title":"\u00dcber uns - MellyCox - Leichte Sprache","robots":{"index":"index","follow":"follow","max-snippet":"max-snippet:-1","max-image-preview":"max-image-preview:large","max-video-preview":"max-video-preview:-1"},"canonical":"https:\/\/mellycox.de\/leichte-sprache\/ueber-uns\/","og_locale":"de_DE","og_type":"article","og_title":"\u00dcber uns - MellyCox - Leichte Sprache","og_description":"Unsere Teams MellyCox ist in Bielefeld f\u00fcr Sie da.Wir haben sechs Teams in verschiedenen Stadtteilen.So sind wir immer in Ihrer N\u00e4he. Viele Standorte haben ein Wohncaf\u00e9.Hier k\u00f6nnen Sie essen und andere Menschen treffen. Wir bieten auch barrierearme Wohnungen an.Wenn Sie umziehen m\u00f6chten, helfen wir gern. Wir kommen zu Ihnen nach Hause oder Sie kommen zu [&hellip;]","og_url":"https:\/\/mellycox.de\/leichte-sprache\/ueber-uns\/","og_site_name":"MellyCox - Leichte Sprache","article_modified_time":"2026-02-25T18:13:25+00:00","twitter_card":"summary_large_image","twitter_misc":{"Gesch\u00e4tzte Lesezeit":"1\u00a0Minute"},"schema":{"@context":"https:\/\/schema.org","@graph":[{"@type":"WebPage","@id":"https:\/\/mellycox.de\/leichte-sprache\/ueber-uns\/","url":"https:\/\/mellycox.de\/leichte-sprache\/ueber-uns\/","name":"\u00dcber uns - MellyCox - Leichte Sprache","isPartOf":{"@id":"https:\/\/mellycox.de\/leichte-sprache\/#website"},"datePublished":"2025-09-18T14:48:07+00:00","dateModified":"2026-02-25T18:13:25+00:00","breadcrumb":{"@id":"https:\/\/mellycox.de\/leichte-sprache\/ueber-uns\/#breadcrumb"},"inLanguage":"de","potentialAction":[{"@type":"ReadAction","target":["https:\/\/mellycox.de\/leichte-sprache\/ueber-uns\/"]}]},{"@type":"BreadcrumbList","@id":"https:\/\/mellycox.de\/leichte-sprache\/ueber-uns\/#breadcrumb","itemListElement":[{"@type":"ListItem","position":1,"name":"Start","item":"https:\/\/mellycox.de\/leichte-sprache\/"},{"@type":"ListItem","position":2,"name":"\u00dcber uns"}]},{"@type":"WebSite","@id":"https:\/\/mellycox.de\/leichte-sprache\/#website","url":"https:\/\/mellycox.de\/leichte-sprache\/","name":"MellyCox - Leichte Sprache","description":"","publisher":{"@id":"https:\/\/mellycox.de\/leichte-sprache\/#organization"},"potentialAction":[{"@type":"SearchAction","target":{"@type":"EntryPoint","urlTemplate":"https:\/\/mellycox.de\/leichte-sprache\/?s={search_term_string}"},"query-input":{"@type":"PropertyValueSpecification","valueRequired":true,"valueName":"search_term_string"}}],"inLanguage":"de"},{"@type":"Organization","@id":"https:\/\/mellycox.de\/leichte-sprache\/#organization","name":"MellyCox - Leichte Sprache","url":"https:\/\/mellycox.de\/leichte-sprache\/","logo":{"@type":"ImageObject","inLanguage":"de","@id":"https:\/\/mellycox.de\/leichte-sprache\/#\/schema\/logo\/image\/","url":"https:\/\/mellycox.de\/leichte-sprache\/wp-content\/uploads\/sites\/2\/2025\/09\/mellycox_Logo_2025_quer-scaled.png","contentUrl":"https:\/\/mellycox.de\/leichte-sprache\/wp-content\/uploads\/sites\/2\/2025\/09\/mellycox_Logo_2025_quer-scaled.png","width":2560,"height":729,"caption":"MellyCox - Leichte Sprache"},"image":{"@id":"https:\/\/mellycox.de\/leichte-sprache\/#\/schema\/logo\/image\/"}}]}},"_links":{"self":[{"href":"https:\/\/mellycox.de\/leichte-sprache\/wp-json\/wp\/v2\/pages\/26","targetHints":{"allow":["GET"]}}],"collection":[{"href":"https:\/\/mellycox.de\/leichte-sprache\/wp-json\/wp\/v2\/pages"}],"about":[{"href":"https:\/\/mellycox.de\/leichte-sprache\/wp-json\/wp\/v2\/types\/page"}],"author":[{"embeddable":true,"href":"https:\/\/mellycox.de\/leichte-sprache\/wp-json\/wp\/v2\/users\/1"}],"replies":[{"embeddable":true,"href":"https:\/\/mellycox.de\/leichte-sprache\/wp-json\/wp\/v2\/comments?post=26"}],"version-history":[{"count":3,"href":"https:\/\/mellycox.de\/leichte-sprache\/wp-json\/wp\/v2\/pages\/26\/revisions"}],"predecessor-version":[{"id":177,"href":"https:\/\/mellycox.de\/leichte-sprache\/wp-json\/wp\/v2\/pages\/26\/revisions\/177"}],"wp:attachment":[{"href":"https:\/\/mellycox.de\/leichte-sprache\/wp-json\/wp\/v2\/media?parent=26"}],"curies":[{"name":"wp","href":"https:\/\/api.w.org\/{rel}","templated":true}]}}