{"id":158,"date":"2026-02-17T18:34:36","date_gmt":"2026-02-17T17:34:36","guid":{"rendered":"https:\/\/mellycox.de\/leichte-sprache\/?page_id=158"},"modified":"2026-03-22T14:05:49","modified_gmt":"2026-03-22T13:05:49","slug":"am-sudholz","status":"publish","type":"page","link":"https:\/\/mellycox.de\/leichte-sprache\/am-sudholz\/","title":{"rendered":"Am Sudholz"},"content":{"rendered":"\n<div style=\"height:100px\" aria-hidden=\"true\" class=\"wp-block-spacer\"><\/div>\n\n\n\n<div class=\"wp-block-columns is-layout-flex wp-container-core-columns-is-layout-9d6595d7 wp-block-columns-is-layout-flex\">\n<div class=\"wp-block-column is-layout-flow wp-block-column-is-layout-flow\">\n<div class=\"wp-block-cover\" style=\"min-height:60vh;aspect-ratio:unset;\"><img decoding=\"async\" class=\"wp-block-cover__image-background wp-image-548 size-full\" alt=\"\" src=\"https:\/\/mellycox.de\/wp-content\/uploads\/MC_Standort-16.webp\" data-object-fit=\"cover\"\/><span aria-hidden=\"true\" class=\"wp-block-cover__background has-background-dim-0 has-background-dim\" style=\"background-color:#757c85\"><\/span><div class=\"wp-block-cover__inner-container is-layout-constrained wp-block-cover-is-layout-constrained\">\n<p class=\"has-text-align-center has-large-font-size\"><\/p>\n<\/div><\/div>\n<\/div>\n\n\n\n<div class=\"wp-block-column is-layout-flow wp-block-column-is-layout-flow\">\n<div style=\"height:50px\" aria-hidden=\"true\" class=\"wp-block-spacer\"><\/div>\n\n\n\n<div class=\"wp-block-group is-nowrap is-layout-flex wp-container-core-group-is-layout-ad2f72ca wp-block-group-is-layout-flex\">\n<figure class=\"wp-block-image size-full is-resized\"><img decoding=\"async\" src=\"https:\/\/mellycox.de\/wp-content\/uploads\/wohnung.png\" alt=\"\" class=\"wp-image-264\" style=\"width:100px\"\/><\/figure>\n\n\n\n<div style=\"height:100px;width:0px\" aria-hidden=\"true\" class=\"wp-block-spacer wp-container-content-e1bb55cb\"><\/div>\n\n\n\n<p>barrierefreie Wohnungen<\/p>\n<\/div>\n\n\n\n<div class=\"wp-block-group is-nowrap is-layout-flex wp-container-core-group-is-layout-ad2f72ca wp-block-group-is-layout-flex\">\n<figure class=\"wp-block-image size-full is-resized\"><img decoding=\"async\" src=\"https:\/\/mellycox.de\/wp-content\/uploads\/24-stunden-betreuung.png\" alt=\"\" class=\"wp-image-259\" style=\"width:100px\"\/><\/figure>\n\n\n\n<div style=\"height:100px;width:0px\" aria-hidden=\"true\" class=\"wp-block-spacer wp-container-content-e1bb55cb\"><\/div>\n\n\n\n<p>24\u2011Stunden\u2011Versorgungssicherheit<\/p>\n<\/div>\n<\/div>\n<\/div>\n\n\n\n<div class=\"wp-block-group is-layout-constrained wp-block-group-is-layout-constrained\">\n<div style=\"height:100px\" aria-hidden=\"true\" class=\"wp-block-spacer\"><\/div>\n\n\n\n<h1 class=\"wp-block-heading\">Am Sudholz<\/h1>\n\n\n\n<h2 class=\"wp-block-heading\">Bielefeld-Schildesche<\/h2>\n\n\n\n<h2 class=\"wp-block-heading\">Willkommen in unserer Wohngruppe \u201eAm Sudholz\u201c<br>Zuhause mit Perspektive<\/h2>\n\n\n\n<p>Die Wohngruppe <strong>Am Sudholz<\/strong> ist selbstorganisiert.<br>Die Wohnungen werden von der <strong>Freien Scholle eG<\/strong> vermietet.<\/p>\n\n\n\n<p>Unser Pflegedienst bietet hier <strong>24\u2011Stunden\u2011Versorgungssicherheit<\/strong>.<br>Das Angebot ist f\u00fcr Menschen mit Hilfebedarf.<br>Es ist ein gesch\u00fctzter Ort.<br>Gemeinschaft und Privatsph\u00e4re geh\u00f6ren beide dazu.<br>In der famili\u00e4ren Atmosph\u00e4re kann man sich sicher f\u00fchlen.<\/p>\n\n\n\n<p>Die Wohngruppe verbindet guten Wohnraum mit verl\u00e4sslicher Begleitung.<br>Es ist jederzeit eine qualifizierte Ansprechperson da.<br>Wir unterst\u00fctzen individuell und nach Bedarf.<\/p>\n\n\n\n<h2 class=\"wp-block-heading\">Gemeinschaftsk\u00fcche \u2013 Treffpunkt im Haus<\/h2>\n\n\n\n<p>Ein wichtiger Ort ist die <strong>Gemeinschaftsk\u00fcche<\/strong>.<br>Hier k\u00f6nnen Mieterinnen und Mieter zusammen essen:<br>Fr\u00fchst\u00fcck, Mittagessen und Abendessen.<br>Das Essen wird <strong>t\u00e4glich frisch<\/strong> zubereitet.<br>So entstehen Begegnung und Austausch.<\/p>\n\n\n\n<p>Die Gemeinschaftsk\u00fcche ist f\u00fcr die Mieterinnen und Mieter im Haus<br>und f\u00fcr die direkte Nachbarschaft da.<\/p>\n\n\n\n<h2 class=\"wp-block-heading\">Unterst\u00fctzung im Alltag<\/h2>\n\n\n\n<p>Wir begleiten unsere Kundinnen und Kunden mit Fachwissen, Empathie und Respekt.<br>Wir f\u00f6rdern Selbstst\u00e4ndigkeit.<br>Wir st\u00e4rken vorhandene F\u00e4higkeiten.<br>Wir richten uns nach der Lebensgeschichte und den W\u00fcnschen jedes Menschen.<\/p>\n\n\n\n<p>Gemeinsame Aktivit\u00e4ten und ein klarer Tagesablauf geben Halt.<br>Feste Bezugspersonen schaffen Vertrauen.<br>Gleichzeitig bleibt Raum f\u00fcr R\u00fcckzug und eigene Interessen.<\/p>\n\n\n\n<p>Unser Pflegest\u00fctzpunkt <strong>\u201eAm Sudholz\u201c<\/strong> bietet au\u00dferdem ambulante Pflege im Stadtteil <strong>Sudbrack<\/strong>.<\/p>\n\n\n\n<h2 class=\"wp-block-heading\">Unser Angebot vor Ort<\/h2>\n\n\n\n<ul class=\"wp-block-list\">\n<li>24\u2011Stunden\u2011Versorgungssicherheit<\/li>\n\n\n\n<li>Grund- und Behandlungspflege<\/li>\n\n\n\n<li>Betreuungs- und Entlastungsleistungen<\/li>\n\n\n\n<li>Verhinderungspflege<\/li>\n\n\n\n<li>Mahlzeitenangebot<\/li>\n<\/ul>\n<\/div>\n","protected":false},"excerpt":{"rendered":"<p>barrierefreie Wohnungen 24\u2011Stunden\u2011Versorgungssicherheit Am Sudholz Bielefeld-Schildesche Willkommen in unserer Wohngruppe \u201eAm Sudholz\u201cZuhause mit Perspektive Die Wohngruppe Am Sudholz ist selbstorganisiert.Die Wohnungen werden von der Freien Scholle eG vermietet. Unser Pflegedienst bietet hier 24\u2011Stunden\u2011Versorgungssicherheit.Das Angebot ist f\u00fcr Menschen mit Hilfebedarf.Es ist ein gesch\u00fctzter Ort.Gemeinschaft und Privatsph\u00e4re geh\u00f6ren beide dazu.In der famili\u00e4ren Atmosph\u00e4re kann man sich sicher [&hellip;]<\/p>\n","protected":false},"author":1,"featured_media":0,"parent":0,"menu_order":0,"comment_status":"closed","ping_status":"closed","template":"","meta":{"footnotes":""},"class_list":["post-158","page","type-page","status-publish","hentry"],"yoast_head":"<!-- This site is optimized with the Yoast SEO plugin v27.3 - https:\/\/yoast.com\/product\/yoast-seo-wordpress\/ -->\n<title>Am Sudholz - MellyCox - Leichte Sprache<\/title>\n<meta name=\"robots\" content=\"index, follow, max-snippet:-1, max-image-preview:large, max-video-preview:-1\" \/>\n<link rel=\"canonical\" href=\"https:\/\/mellycox.de\/leichte-sprache\/am-sudholz\/\" \/>\n<meta property=\"og:locale\" content=\"de_DE\" \/>\n<meta property=\"og:type\" content=\"article\" \/>\n<meta property=\"og:title\" content=\"Am Sudholz - MellyCox - Leichte Sprache\" \/>\n<meta property=\"og:description\" content=\"barrierefreie Wohnungen 24\u2011Stunden\u2011Versorgungssicherheit Am Sudholz Bielefeld-Schildesche Willkommen in unserer Wohngruppe \u201eAm Sudholz\u201cZuhause mit Perspektive Die Wohngruppe Am Sudholz ist selbstorganisiert.Die Wohnungen werden von der Freien Scholle eG vermietet. Unser Pflegedienst bietet hier 24\u2011Stunden\u2011Versorgungssicherheit.Das Angebot ist f\u00fcr Menschen mit Hilfebedarf.Es ist ein gesch\u00fctzter Ort.Gemeinschaft und Privatsph\u00e4re geh\u00f6ren beide dazu.In der famili\u00e4ren Atmosph\u00e4re kann man sich sicher [&hellip;]\" \/>\n<meta property=\"og:url\" content=\"https:\/\/mellycox.de\/leichte-sprache\/am-sudholz\/\" \/>\n<meta property=\"og:site_name\" content=\"MellyCox - Leichte Sprache\" \/>\n<meta property=\"article:modified_time\" content=\"2026-03-22T13:05:49+00:00\" \/>\n<meta name=\"twitter:card\" content=\"summary_large_image\" \/>\n<meta name=\"twitter:label1\" content=\"Gesch\u00e4tzte Lesezeit\" \/>\n\t<meta name=\"twitter:data1\" content=\"2\u00a0Minuten\" \/>\n<script type=\"application\/ld+json\" class=\"yoast-schema-graph\">{\"@context\":\"https:\\\/\\\/schema.org\",\"@graph\":[{\"@type\":\"WebPage\",\"@id\":\"https:\\\/\\\/mellycox.de\\\/leichte-sprache\\\/am-sudholz\\\/\",\"url\":\"https:\\\/\\\/mellycox.de\\\/leichte-sprache\\\/am-sudholz\\\/\",\"name\":\"Am Sudholz - MellyCox - Leichte Sprache\",\"isPartOf\":{\"@id\":\"https:\\\/\\\/mellycox.de\\\/leichte-sprache\\\/#website\"},\"primaryImageOfPage\":{\"@id\":\"https:\\\/\\\/mellycox.de\\\/leichte-sprache\\\/am-sudholz\\\/#primaryimage\"},\"image\":{\"@id\":\"https:\\\/\\\/mellycox.de\\\/leichte-sprache\\\/am-sudholz\\\/#primaryimage\"},\"thumbnailUrl\":\"https:\\\/\\\/mellycox.de\\\/wp-content\\\/uploads\\\/MC_Standort-16.webp\",\"datePublished\":\"2026-02-17T17:34:36+00:00\",\"dateModified\":\"2026-03-22T13:05:49+00:00\",\"breadcrumb\":{\"@id\":\"https:\\\/\\\/mellycox.de\\\/leichte-sprache\\\/am-sudholz\\\/#breadcrumb\"},\"inLanguage\":\"de\",\"potentialAction\":[{\"@type\":\"ReadAction\",\"target\":[\"https:\\\/\\\/mellycox.de\\\/leichte-sprache\\\/am-sudholz\\\/\"]}]},{\"@type\":\"ImageObject\",\"inLanguage\":\"de\",\"@id\":\"https:\\\/\\\/mellycox.de\\\/leichte-sprache\\\/am-sudholz\\\/#primaryimage\",\"url\":\"https:\\\/\\\/mellycox.de\\\/wp-content\\\/uploads\\\/MC_Standort-16.webp\",\"contentUrl\":\"https:\\\/\\\/mellycox.de\\\/wp-content\\\/uploads\\\/MC_Standort-16.webp\"},{\"@type\":\"BreadcrumbList\",\"@id\":\"https:\\\/\\\/mellycox.de\\\/leichte-sprache\\\/am-sudholz\\\/#breadcrumb\",\"itemListElement\":[{\"@type\":\"ListItem\",\"position\":1,\"name\":\"Start\",\"item\":\"https:\\\/\\\/mellycox.de\\\/leichte-sprache\\\/\"},{\"@type\":\"ListItem\",\"position\":2,\"name\":\"Am Sudholz\"}]},{\"@type\":\"WebSite\",\"@id\":\"https:\\\/\\\/mellycox.de\\\/leichte-sprache\\\/#website\",\"url\":\"https:\\\/\\\/mellycox.de\\\/leichte-sprache\\\/\",\"name\":\"MellyCox - Leichte Sprache\",\"description\":\"\",\"publisher\":{\"@id\":\"https:\\\/\\\/mellycox.de\\\/leichte-sprache\\\/#organization\"},\"potentialAction\":[{\"@type\":\"SearchAction\",\"target\":{\"@type\":\"EntryPoint\",\"urlTemplate\":\"https:\\\/\\\/mellycox.de\\\/leichte-sprache\\\/?s={search_term_string}\"},\"query-input\":{\"@type\":\"PropertyValueSpecification\",\"valueRequired\":true,\"valueName\":\"search_term_string\"}}],\"inLanguage\":\"de\"},{\"@type\":\"Organization\",\"@id\":\"https:\\\/\\\/mellycox.de\\\/leichte-sprache\\\/#organization\",\"name\":\"MellyCox - Leichte Sprache\",\"url\":\"https:\\\/\\\/mellycox.de\\\/leichte-sprache\\\/\",\"logo\":{\"@type\":\"ImageObject\",\"inLanguage\":\"de\",\"@id\":\"https:\\\/\\\/mellycox.de\\\/leichte-sprache\\\/#\\\/schema\\\/logo\\\/image\\\/\",\"url\":\"https:\\\/\\\/mellycox.de\\\/leichte-sprache\\\/wp-content\\\/uploads\\\/sites\\\/2\\\/2025\\\/09\\\/mellycox_Logo_2025_quer-scaled.png\",\"contentUrl\":\"https:\\\/\\\/mellycox.de\\\/leichte-sprache\\\/wp-content\\\/uploads\\\/sites\\\/2\\\/2025\\\/09\\\/mellycox_Logo_2025_quer-scaled.png\",\"width\":2560,\"height\":729,\"caption\":\"MellyCox - Leichte Sprache\"},\"image\":{\"@id\":\"https:\\\/\\\/mellycox.de\\\/leichte-sprache\\\/#\\\/schema\\\/logo\\\/image\\\/\"}}]}<\/script>\n<!-- \/ Yoast SEO plugin. -->","yoast_head_json":{"title":"Am Sudholz - MellyCox - Leichte Sprache","robots":{"index":"index","follow":"follow","max-snippet":"max-snippet:-1","max-image-preview":"max-image-preview:large","max-video-preview":"max-video-preview:-1"},"canonical":"https:\/\/mellycox.de\/leichte-sprache\/am-sudholz\/","og_locale":"de_DE","og_type":"article","og_title":"Am Sudholz - MellyCox - Leichte Sprache","og_description":"barrierefreie Wohnungen 24\u2011Stunden\u2011Versorgungssicherheit Am Sudholz Bielefeld-Schildesche Willkommen in unserer Wohngruppe \u201eAm Sudholz\u201cZuhause mit Perspektive Die Wohngruppe Am Sudholz ist selbstorganisiert.Die Wohnungen werden von der Freien Scholle eG vermietet. Unser Pflegedienst bietet hier 24\u2011Stunden\u2011Versorgungssicherheit.Das Angebot ist f\u00fcr Menschen mit Hilfebedarf.Es ist ein gesch\u00fctzter Ort.Gemeinschaft und Privatsph\u00e4re geh\u00f6ren beide dazu.In der famili\u00e4ren Atmosph\u00e4re kann man sich sicher [&hellip;]","og_url":"https:\/\/mellycox.de\/leichte-sprache\/am-sudholz\/","og_site_name":"MellyCox - Leichte Sprache","article_modified_time":"2026-03-22T13:05:49+00:00","twitter_card":"summary_large_image","twitter_misc":{"Gesch\u00e4tzte Lesezeit":"2\u00a0Minuten"},"schema":{"@context":"https:\/\/schema.org","@graph":[{"@type":"WebPage","@id":"https:\/\/mellycox.de\/leichte-sprache\/am-sudholz\/","url":"https:\/\/mellycox.de\/leichte-sprache\/am-sudholz\/","name":"Am Sudholz - MellyCox - Leichte Sprache","isPartOf":{"@id":"https:\/\/mellycox.de\/leichte-sprache\/#website"},"primaryImageOfPage":{"@id":"https:\/\/mellycox.de\/leichte-sprache\/am-sudholz\/#primaryimage"},"image":{"@id":"https:\/\/mellycox.de\/leichte-sprache\/am-sudholz\/#primaryimage"},"thumbnailUrl":"https:\/\/mellycox.de\/wp-content\/uploads\/MC_Standort-16.webp","datePublished":"2026-02-17T17:34:36+00:00","dateModified":"2026-03-22T13:05:49+00:00","breadcrumb":{"@id":"https:\/\/mellycox.de\/leichte-sprache\/am-sudholz\/#breadcrumb"},"inLanguage":"de","potentialAction":[{"@type":"ReadAction","target":["https:\/\/mellycox.de\/leichte-sprache\/am-sudholz\/"]}]},{"@type":"ImageObject","inLanguage":"de","@id":"https:\/\/mellycox.de\/leichte-sprache\/am-sudholz\/#primaryimage","url":"https:\/\/mellycox.de\/wp-content\/uploads\/MC_Standort-16.webp","contentUrl":"https:\/\/mellycox.de\/wp-content\/uploads\/MC_Standort-16.webp"},{"@type":"BreadcrumbList","@id":"https:\/\/mellycox.de\/leichte-sprache\/am-sudholz\/#breadcrumb","itemListElement":[{"@type":"ListItem","position":1,"name":"Start","item":"https:\/\/mellycox.de\/leichte-sprache\/"},{"@type":"ListItem","position":2,"name":"Am Sudholz"}]},{"@type":"WebSite","@id":"https:\/\/mellycox.de\/leichte-sprache\/#website","url":"https:\/\/mellycox.de\/leichte-sprache\/","name":"MellyCox - Leichte Sprache","description":"","publisher":{"@id":"https:\/\/mellycox.de\/leichte-sprache\/#organization"},"potentialAction":[{"@type":"SearchAction","target":{"@type":"EntryPoint","urlTemplate":"https:\/\/mellycox.de\/leichte-sprache\/?s={search_term_string}"},"query-input":{"@type":"PropertyValueSpecification","valueRequired":true,"valueName":"search_term_string"}}],"inLanguage":"de"},{"@type":"Organization","@id":"https:\/\/mellycox.de\/leichte-sprache\/#organization","name":"MellyCox - Leichte Sprache","url":"https:\/\/mellycox.de\/leichte-sprache\/","logo":{"@type":"ImageObject","inLanguage":"de","@id":"https:\/\/mellycox.de\/leichte-sprache\/#\/schema\/logo\/image\/","url":"https:\/\/mellycox.de\/leichte-sprache\/wp-content\/uploads\/sites\/2\/2025\/09\/mellycox_Logo_2025_quer-scaled.png","contentUrl":"https:\/\/mellycox.de\/leichte-sprache\/wp-content\/uploads\/sites\/2\/2025\/09\/mellycox_Logo_2025_quer-scaled.png","width":2560,"height":729,"caption":"MellyCox - Leichte Sprache"},"image":{"@id":"https:\/\/mellycox.de\/leichte-sprache\/#\/schema\/logo\/image\/"}}]}},"_links":{"self":[{"href":"https:\/\/mellycox.de\/leichte-sprache\/wp-json\/wp\/v2\/pages\/158","targetHints":{"allow":["GET"]}}],"collection":[{"href":"https:\/\/mellycox.de\/leichte-sprache\/wp-json\/wp\/v2\/pages"}],"about":[{"href":"https:\/\/mellycox.de\/leichte-sprache\/wp-json\/wp\/v2\/types\/page"}],"author":[{"embeddable":true,"href":"https:\/\/mellycox.de\/leichte-sprache\/wp-json\/wp\/v2\/users\/1"}],"replies":[{"embeddable":true,"href":"https:\/\/mellycox.de\/leichte-sprache\/wp-json\/wp\/v2\/comments?post=158"}],"version-history":[{"count":3,"href":"https:\/\/mellycox.de\/leichte-sprache\/wp-json\/wp\/v2\/pages\/158\/revisions"}],"predecessor-version":[{"id":237,"href":"https:\/\/mellycox.de\/leichte-sprache\/wp-json\/wp\/v2\/pages\/158\/revisions\/237"}],"wp:attachment":[{"href":"https:\/\/mellycox.de\/leichte-sprache\/wp-json\/wp\/v2\/media?parent=158"}],"curies":[{"name":"wp","href":"https:\/\/api.w.org\/{rel}","templated":true}]}}